53*o**2 - 3498*o + 2582. Give h(27).
-10
Let p(n) = -n**3 - 24*n**2 + 1378*n + 34478. What is p(-26)?
2
Let q(a) = a**2 - 654*a - 13429. Calculate q(-20).
51
Let i(m) = -2*m**2 - 156*m + 158273. What is i(245)?
3
Let r(s) = s**3 + 230*s**2 - 1646*s + 3103. Determine r(-237).
22
Let l(t) = -t**3 + 50*t**2 + 227*t + 112. Calculate l(-5).
352
Let n(d) = -3*d**2 + 9305*d - 27887. What is n(3)?
1
Let v(x) = 5*x**2 + 1209*x - 29151. Give v(-264).
153
Let s(h) = -h**2 - 117*h - 1043. Calculate s(-9).
-71
Let r(c) = -c**2 - 2655*c - 73549. Calculate r(-28).
7
Let l(g) = g**3 + 169*g**2 + 5808*g + 76. Give l(-48).
76
Let z(n) = -59*n + 2047. Calculate z(23).
690
Let w(i) = -178949*i - 1431596. Calculate w(-8).
-4
Let i(a) = -193*a**2 - 99*a - 86. Determine i(-3).
-1526
Let v(a) = -1997*a + 42632. Determine v(21).
695
Let j(z) = -z**2 + 46*z + 5384. Determine j(94).
872
Let j(k) = -4*k**2 - 677*k + 2899. Give j(-174).
-407
Let i(n) = n**3 + 3*n**2 + 8*n + 843. Calculate i(0).
843
Let v(d) = 2*d**3 - 100*d**2 + 1150*d + 31. Calculate v(32).
-33
Let q(n) = 860*n - 7490. What is q(9)?
250
Let m(x) = x**3 + 56*x**2 - 756*x - 28. Give m(11).
-237
Let w(l) = -3913*l + 62616. Give w(16).
8
Let n(q) = 162*q**2 + 1284*q + 24. Give n(-8).
120
Let s(g) = -g**3 + 167*g**2 + 1401*g + 3. What is s(-8)?
-5
Let q(p) = p**3 - 130*p**2 + 816*p + 2468. What is q(9)?
11
Let a(u) = u**2 - 20093*u - 2323914. Determine a(-115).
6
Let k(n) = n**3 + 101*n**2 + 505*n + 468. What is k(-4)?
0
Let i(z) = 2*z**2 + 834*z + 84052. Give i(-247).
72
Let i(t) = -582*t - 13398. Calculate i(-23).
-12
Let j(t) = -6*t**2 + 384*t - 74. Give j(64).
-74
Let r(p) = 36*p**3 + 217*p**2 + 53*p - 49. Determine r(-7).
-2135
Let j(w) = -w**3 + 356*w**2 + 29325*w. What is j(425)?
0
Let p(h) = h**2 - 32386*h + 259018. Calculate p(8).
-6
Let k(n) = 4*n**3 - 14*n**2 + 39*n - 364. Calculate k(9).
1769
Let m(v) = 22220*v - 6910421. What is m(311)?
-1
Let k(o) = 2*o**3 - 67*o**2 + 112*o + 11. Determine k(32).
523
Let c(d) = d**2 - 534*d + 41724. Determine c(95).
19
Let s(q) = q**2 + 31*q + 800. What is s(-45)?
1430
Let p(m) = -13635*m + 190882. Determine p(14).
-8
Let m(a) = 11250*a + 11375. Determine m(-1).
125
Let j(a) = a**3 + 32*a**2 + 30*a + 150. What is j(-31)?
181
Let r(a) = -a**2 - 127*a - 3729. Determine r(-52).
171
Let o(l) = -21*l**2 - 413*l - 879. What is o(-5)?
661
Let r(i) = 416*i**2 - 3728*i - 292. Give r(9).
-148
Let g(c) = -3215*c**2 - 3161*c + 24. Determine g(-1).
-30
Let w(j) = -j**3 - 128*j**2 - 23096*j - 2956294. What is w(-128)?
-6
Let g(s) = 12*s**2 - 315*s - 8149. Give g(44).
1223
Let a(q) = -30*q**2 - 753*q - 233. Determine a(-25).
-158
Let p(u) = -168*u**3 - 1847*u**2 - 4696*u - 51778. Determine p(-11).
-1
Let m(w) = 1028*w - 90382. Determine m(91).
3166
Let u(z) = -2630*z + 24485. Give u(10).
-1815
Let z(y) = y**3 + 411*y**2 + 2833*y + 4846. Give z(-404).
2826
Let l(k) = -52*k**2 + 1377*k + 578. Give l(25).
2503
Let o(i) = 8*i**3 - 3047*i**2 - 399*i + 6872. What is o(381)?
14
Let j(c) = 21*c**2 - 722*c + 5401. Calculate j(11).
0
Let x(c) = -3150*c - 6435. What is x(-2)?
-135
Let b(f) = 7*f**2 - 1167*f - 1772. Give b(168).
-260
Let d(w) = -w**3 - 44*w**2 - 433*w - 593. Calculate d(-12).
-5
Let n(s) = s**2 - 80*s - 828. Give n(92).
276
Let c(v) = 2*v**2 - 11558*v + 241842. Determine c(21).
6
Let d(g) = -4868*g + 823. Give d(0).
823
Let c(n) = -2*n**3 - 69*n**2 + 1006*n + 28120. Calculate c(-38).
0
Let g(j) = 11702*j + 398033. Give g(-34).
165
Let a(y) = -634*y + 61504. Determine a(97).
6
Let v(x) = 3837*x + 36672. What is v(-9)?
2139
Let m(i) = -33549*i + 1174212. Determine m(35).
-3
Let t(r) = r**3 - 31*r**2 + 104*r + 6. Calculate t(23).
-1834
Let p(b) = b**3 - 1823*b**2 + 12728*b - 114. Calculate p(7).
-2
Let u(z) = -z**3 - 531*z**2 + 10357*z + 1770. Give u(19).
3
Let n(x) = -1451*x + 803848. What is n(554)?
-6
Let s(t) = 7671*t - 8062. Give s(1).
-391
Let i(h) = -114*h**2 - 5608*h + 10515. Determine i(-51).
9
Let c(a) = -a**2 - 778*a - 131435. Calculate c(-248).
5
Let u(n) = -2397*n - 7251. Give u(-3).
-60
Let l(g) = 5901*g - 5835. Determine l(1).
66
Let r(k) = k**2 + 214006*k - 856031. Give r(4).
9
Let s(h) = 874*h + 5122. Calculate s(-6).
-122
Let c(y) = 12*y**3 + 60*y**2 + 29*y + 173. Determine c(-5).
28
Let f(p) = -2174*p**2 + 15311*p - 650. Determine f(7).
1
Let a(l) = -l**3 + 344*l**2 + 31424*l - 72. Determine a(-75).
3
Let l(i) = 17*i**3 + 62*i**2 - 32*i - 1. Calculate l(-4).
31
Let z(o) = -o**3 - 9*o**2 + 56*o - 361. Calculate z(9).
-1315
Let m(b) = -54*b - 56058. Determine m(-1039).
48
Let t(m) = -51*m + 708. Give t(16).
-108
Let n(f) = -f**3 - 222*f**2 - 1502*f + 1721. Give n(-215).
1076
Let y(j) = -j**2 + 6505*j + 1444804. Calculate y(-215).
4
Let g(d) = -1085*d - 25295. Calculate g(-23).
-340
Let t(p) = -p**3 - 219*p**2 + 159*p - 13840. Give t(-220).
-420
Let w(x) = -2*x**2 + 5657*x - 938639. Calculate w(177).
-8
Let s(g) = g**2 + 4321*g + 51714. Determine s(-12).
6
Let j(m) = 454*m - 127207. What is j(277)?
-1449
Let c(y) = -3067*y + 1785027. Calculate c(582).
33
Let l(p) = p**3 - 112*p**2 - 253*p + 2950. Calculate l(114).
100
Let b(t) = -t**3 - 197*t**2 - 3014*t + 456. Calculate b(-17).
-326
Let a(x) = 69*x**3 - 2282*x**2 + 164*x - 95. Determine a(33).
-128
Let q(f) = 16811*f - 353185. Give q(21).
-154
Let r(v) = 926*v + 311149. Give r(-336).
13
Let h(o) = -12*o**2 + 158*o + 137. Calculate h(15).
-193
Let d(o) = 9775*o + 508459. Calculate d(-52).
159
Let v(l) = 3*l**2 + 478*l - 12403. Give v(-182).
-27
Let f(n) = -7*n**2 + 95*n + 2252. Give f(26).
-10
Let o(t) = t**2 + 31*t - 646. Give o(17).
170
Let o(a) = -27898*a - 836931. Give o(-30).
9
Let x(t) = 2*t**3 - 127*t**2 - 773*t + 994. Calculate x(69).
28
Let o(l) = -18*l**2 - 3752*l - 1620. Determine o(-208).
44
Let q(i) = -i**3 + 8*i**2 + 79*i + 613. What is q(16)?
-171
Let h(c) = 2*c**2 + 3889*c + 152350. What is h(-40)?
-10
Let b(m) = -2317*m + 27757. What is b(12)?
-47
Let t(p) = -8*p**2 - 1086*p + 5394. Give t(5).
-236
Let b(u) = -2*u**2 + 1980*u - 260198. Give b(834).
10
Let d(p) = 1401*p - 39636. Give d(28).
-408
Let l(q) = 375*q**2 - 2640*q - 6606. Calculate l(9).
9
Let z(l) = l**3 + 82*l**2 + 669*l + 36. What is z(-7)?
-972
Let l(t) = 2*t**2 - 1156*t + 159104. Give l(352).
0
Let s(m) = 4*m**2 - 1414*m - 23630. Give s(-16).
18
Let z(v) = 3*v**3 - 34*v**2 + 111*v - 82. What is z(6)?
8
Let y(z) = z**3 + 316*z**2 + 136*z + 42950. Give y(-316).
-26
Let t(k) = -k**3 + 2*k**2 - 18*k - 1504. Determine t(0).
-1504
Let a(g) = -21980*g + 1780374. What is a(81)?
-6
Let s(x) = -2*x**3 - x**2 - 4*x - 11. Calculate s(-2).
9
Let l(b) = -b**3 - 35*b**2 + 197*b - 212. What is l(5)?
-227
Let w(j) = 622*j + 19279. Calculate w(-31).
-3
Let v(k) = -1115*k - 72554. Determine v(-65).
-79
Let c(s) = -460*s + 70484. Determine c(154).
-356
Let c(h) = h**2 - 125*h - 7669. Calculate c(-40).
-1069
Let f(h) = 3*h**3 - 686*h**2 - 221*h - 927. What is f(229)?
905
Let z(n) = 6*n**2 - 3006*n + 38710. Determine z(13).
646
Let j(b) = -8550*b - 12996009. Calculate j(-1520).
-9
Let s(p) = p**2 - 51451*p + 874381. Determine s(17).
3
Let j(b) = b**2 - 8*b + 599. Calculate j(-18).
1067
Let z(i) = i**3 + 6*i**2 - 10*i - 13. Determine z(-7).
8
Let w(u) = -611*u - 13614. Determine w(-20).
-1394
Let h(c) = -48*c**2 + 59*c - 1. What is h(1)?
10
Let h(i) = 18834*i + 1864637. Give h(-99).
71
Let d(h) = -11*h**2 + 2817*h - 3065. Calculate d(255).
-5
Let r(s) = s**2 - 115*s - 7818. Determine r(-48).
6
Let i(k) = -116*k**2 - 1283*k - 89. What is i(-11)?
-12
Let h(g) = -2*g**3 - 246*g**2 - 2495*g - 110. What is h(-11)?
231
Let x(n) = 222*n - 5924. Calculate x(38).
2512
Let w(r) = -r**3 - 95*r**2 + 3442*r - 175. What is w(-123)?
71
Let w(y) = -8910*y - 819758. Determine w(-92).
-38
Let p(g) = -50*g**2 - 304*g + 1051. Calculate p(-8).
283
Let t(a) = -a**3 + 89*a**2 + 1697*a - 1560. Give t(105).
225
Let h(f) = -f**2 - 1177*f + 32514. Give h(27).
6
Let s(k) = -16*k**2 + 211*k - 40. Determine s(9).
563
Let s(y) = y**3 - 42*y**2 - 577*y + 28770. Determine s(35).
0
Let m(r) = 2*r**3 - 181*r**2 - 1494*r + 621. Calculate m(-8).
-35
Let z(f) = -16*f**2 + 4435*f - 274065. What is z(93)?
6
Let s(c) = -509*c + 1989. Determine s(4).
-47
Let j(u) = -2*u**3 + 148*u**2 - 2